426?
2, 3, 7, 543379
What are the prime factors of 219694499?
1597, 137567
What are the prime factors of 841476502?
2, 10853, 38767
List the prime factors of 247309400.
2, 5, 13, 73, 1303
List the prime factors of 225424262.
2, 7, 277, 58129
List the prime factors of 23842821.
3, 67, 118621
List the prime factors of 46659179.
7, 6665597
List the prime factors of 5842193226.
2, 3, 19, 31, 641, 2579
What are the prime factors of 11850726?
2, 3, 1975121
What are the prime factors of 1632783147?
3, 544261049
What are the prime factors of 696800746?
2, 337, 1033829
What are the prime factors of 2290903638?
2, 3, 23, 16600751
List the prime factors of 878175662.
2, 7, 13, 1051, 4591
List the prime factors of 143656430.
2, 5, 29, 71, 6977
List the prime factors of 871380521.
11, 79216411
List the prime factors of 684917636.
2, 13, 1657, 7949
What are the prime factors of 167594178?
2, 3, 2441, 11443
What are the prime factors of 450202523?
10663, 42221
List the prime factors of 64701595.
5, 7, 1848617
List the prime factors of 584239711.
11, 179, 296719
What are the prime factors of 2306450?
2, 5, 163, 283
List the prime factors of 58363692.
2, 3, 4863641
List the prime factors of 956270226.
2, 3, 159378371
What are the prime factors of 129737930?
2, 5, 7, 1853399
What are the prime factors of 334272634?
2, 1951, 85667
What are the prime factors of 717906090?
2, 3, 5, 11, 17, 73, 1753
What are the prime factors of 51375610?
2, 5, 11, 13, 37, 971
What are the prime factors of 876865949?
876865949
List the prime factors of 1055975802.
2, 3, 7, 25142281
What are the prime factors of 158050653?
3, 52683551
List the prime factors of 6093494544.
2, 3, 73, 127, 13693
List the prime factors of 357745119.
3, 37, 3222929
List the prime factors of 272481760.
2, 5, 953, 1787
List the prime factors of 7571036476.
2, 19, 2657, 37493
List the prime factors of 3160084.
2, 790021
What are the prime factors of 49820162?
2, 7, 23, 31
What are the prime factors of 2391903008?
2, 11, 19, 101, 3541
List the prime factors of 101220017.
251, 403267
List the prime factors of 163061871.
3, 7, 7764851
List the prime factors of 1006845039.
3, 1303, 28619
What are the prime factors of 195844971?
3, 7, 9325951
List the prime factors of 189035395.
5, 383, 98713
List the prime factors of 283832503.
409, 693967
What are the prime factors of 1544924991?
3, 3607, 142771
List the prime factors of 204340414.
2, 71, 1439017
What are the prime factors of 226317622?
2, 41, 2759971
List the prime factors of 20404984.
2, 67, 38069
List the prime factors of 169057763.
7, 19, 1271111
List the prime factors of 26351623.
103, 255841
What are the prime factors of 1082580876?
2, 3, 13, 17, 1163
What are the prime factors of 23740754?
2, 37, 320821
List the prime factors of 33964971.
3, 103, 109919
What are the prime factors of 772578153?
3, 4523, 18979
What are the prime factors of 22956459?
3, 857, 8929
List the prime factors of 16876645.
5, 3375329
List the prime factors of 28161342.
2, 3, 11, 41, 3469
What are the prime factors of 241430093?
19, 12706847
What are the prime factors of 141896835?
3, 5, 1579, 1997
List the prime factors of 2654155936.
2, 2297, 36109
What are the prime factors of 718862103?
3, 4051, 19717
What are the prime factors of 777440828?
2, 194360207
What are the prime factors of 787577397?
3, 283, 927653
What are the prime factors of 42904853?
89, 233, 2069
List the prime factors of 48094719.
3, 19, 409, 2063
What are the prime factors of 4494475299?
3, 71, 21100823
What are the prime factors of 31086692?
2, 7, 13, 41, 2083
What are the prime factors of 209746004?
2, 13, 4033577
What are the prime factors of 1212271914?
2, 3, 7, 4591, 6287
List the prime factors of 3419979456.
2, 3, 1663, 10711
What are the prime factors of 29736092?
2, 227, 32749
List the prime factors of 106704620.
2, 5, 11, 485021
What are the prime factors of 1138949768?
2, 11, 1176601
List the prime factors of 64612907.
823, 78509
List the prime factors of 109475729.
11, 9952339
What are the prime factors of 936255037?
1361, 687917
What are the prime factors of 113966475?
3, 5, 7, 37, 5867
What are the prime factors of 476994747?
3, 1613, 98573
What are the prime factors of 149019273?
3, 13, 71, 17939
What are the prime factors of 128772191?
67, 137, 14029
List the prime factors of 84858168.
2, 3, 37, 95561
List the prime factors of 114283283.
157, 461, 1579
List the prime factors of 1679897184.
2, 3, 7, 23, 15527
List the prime factors of 127001518.
2, 7, 41, 97, 2281
What are the prime factors of 2990680097?
41, 72943417
List the prime factors of 248869474.
2, 7, 29, 37, 16567
List the prime factors of 3515718145.
5, 197, 3569257
What are the prime factors of 273754917?
3, 109, 167, 557
What are the prime factors of 42493763?
13, 113, 28927
What are the prime factors of 354882087?
3, 7, 1877683
What are the prime factors of 201670337?
11, 17, 98041
List the prime factors of 36482222.
2, 7, 37, 70429
List the prime factors of 1023541806.
2, 3, 7, 4217, 5779
List the prime factors of 130391837.
149, 875113
What are the prime factors of 82844717?
71, 1166827
List the prime factors of 9779355.
3, 5, 217319
List the prime factors of 1426505073.
3, 7, 331, 205223
List the prime factors of 211529.
37, 5717
List the prime factors of 563370203.
11, 51215473
List the prime factors of 72255965.
5, 29, 547, 911
List the prime factors of 291566670.
2, 3, 5, 89, 109201
List the prime factors of 42407619.
3, 14135873
What are the prime factors of 126862820?
2, 5, 7, 29, 31247
List the prime factors of 115569132.
2, 3, 7, 1375823
List the prime factors of 250498707.
3, 83499569
What are the prime factors of 361233680?
2, 5, 17, 265613
What are the prime factors of 83852331?
3, 27950777
List the prime factors of 277356713.
109, 257, 9901
What are the prime factors of 6828727?
6828727
List the prime factors of 43755066.
2, 3, 90031
What are the prime factors of 122697078?
2, 3, 7, 417337
What are the prime factors of 95811201?
3, 17, 208739
List the prime factors of 2178333809.
2178333809
What are the prime factors of 207313880?
2, 5, 137, 37831
What are the prime factors of 134108687?
151, 199, 4463
What are the prime factors of 106538486?
2, 53269243
What are the prime factors of 42147007?
7, 860143
What are the prime factors of 173169834?
2, 3, 127, 227257
List the prime factors of 37027130.
2, 5, 7, 83, 6373
What are the prime factors of 875693929?
11, 367, 216917
What are the prime factors of 56388466?
2, 19, 1483907
List the prime factors of 841794407.
313, 2689439
What are the prime factors of 360170353?
47, 1667, 4597
List the prime factors of 51717400.
2, 5, 7, 17, 41, 53
What are the prime factors of 83445822?
2, 3, 109, 14177
What are the prime factors of 53035968?
2, 3, 276229
List the prime factors of 90316355.
5, 79, 373, 613
List the prime factors of 7031096.
2, 83, 10589
What are the prime factors of 2153177389?
11, 109, 1795811
List the prime factors of 87567059.
2927, 29917
What are the prime factors of 214312071?
3, 113, 632189
What are the prime factors of 176491402?
2, 88245701
List the prime factors of 1378538225.
5, 31, 1778759
What are the prime factors of 402602568?
2, 3, 17, 467, 2113
List the prime factors of 37277489.
37277489
List the prime factors of 2947739261.
7789, 378449
What are the prime factors of 156535996?
2, 43, 910093
What are the prime factors of 76729295?
5, 15345859
What are the prime factors of 50771215?
5, 11, 37, 61, 409
List the prime factors of 25300433.
31, 191, 4273
What are the prime factors of 57577579?
23, 2503373
What are the prime factors of 297135192?
2, 3, 659, 18787
List the prime factors of 62261541.
3, 61, 12601
What are the prime factors of 141469319?
141469319
What are the prime factors of 226223302?
2, 8269, 13679
What are the prime factors of 2476631758?
2, 1238315879
What are the prime factors of 813602789?
223, 739, 4937
List the prime factors of 1336836651.
3, 47, 9481111
What are the prime factors of 721687521?
3, 101, 2381807
List the prime factors of 4324321.
4324321
What are the prime factors of 1140875746?
2, 17, 2129, 15761
What are the prime factors of 188126859?
3, 811, 77323
What are the prime factors of 1494131527?
7, 6977, 30593
List 